 r(h) = 2*h**2 - 19*h - 34. Determine r(11).
-1
Let d(x) = 4*x - 44. What is d(-7)?
-72
Let f(q) = 5*q. Determine f(-6).
-30
Let v(k) = k**3 - 6*k**2 - 8*k - 1. Give v(7).
-8
Let p(x) = -6*x + 58. What is p(8)?
10
Let m(l) = 3*l - 27. Give m(4).
-15
Let x(u) = 26*u. Determine x(1).
26
Let m(z) = z**3 - z**2 - 2*z. Determine m(-2).
-8
Let l(a) = -a**2 + 21*a + 126. Give l(-5).
-4
Let l(b) = 2*b - 4. Calculate l(0).
-4
Let k(n) = -2*n**2 - 18*n + 6. Give k(-10).
-14
Let t(f) = -6*f + 3. Determine t(11).
-63
Let w(u) = 3*u - 6. Calculate w(-10).
-36
Let r(d) = 2*d**2 + 25*d + 20. Determine r(-12).
8
Let s(f) = f**3 - 10*f**2 + 11*f - 1. Calculate s(9).
17
Let z(p) = 4*p**2 + 186*p - 74. Calculate z(-47).
20
Let t(u) = 2*u - 2. Calculate t(-3).
-8
Let g(s) = s**2 - 2*s + 2. Determine g(-5).
37
Let q(m) = 23*m - 1. Calculate q(-2).
-47
Let t(r) = r**2 - 23*r + 11. Determine t(23).
11
Let k(u) = u**3 + 4*u**2 - 2*u - 3. Determine k(-5).
-18
Let g(s) = -2*s**2 - 4*s - 2. What is g(-5)?
-32
Let x(q) = -7*q**3 + q**2 - 2*q + 3. Give x(-2).
67
Let s(v) = -v**2 - 22*v - 31. What is s(-21)?
-10
Let r(o) = -o + 19. Calculate r(18).
1
Let x(c) = c + 15. Determine x(-17).
-2
Let g(o) = -8*o**2 - 10*o + 2. What is g(-1)?
4
Let l(c) = 2*c**2 - 8*c + 4. Determine l(4).
4
Let u(s) = s - 22. What is u(12)?
-10
Let c(u) = -8*u + 14. Determine c(5).
-26
Let p(y) = y**3 + 13*y**2 + 13*y + 8. Calculate p(-12).
-4
Let b(c) = -8*c + 19. What is b(1)?
11
Let b(z) = -z**2 + z - 1. Determine b(4).
-13
Let w(t) = -3*t**3 - t**2 + t + 9. Calculate w(2).
-17
Let q(t) = -24*t + 632. Give q(26).
8
Let v(k) = -2*k**2 - 4*k - 4. What is v(-3)?
-10
Let o(n) = n**2 + 9*n - 8. What is o(-10)?
2
Let m(i) = i**3 + 6*i**2 - 7*i + 4. Calculate m(-7).
4
Let u(f) = -6*f - 12. Determine u(-10).
48
Let c(b) = -b**3 - b**2 - 3*b + 10. Calculate c(0).
10
Let d(r) = r**2 - 13*r - 163. What is d(21)?
5
Let s(z) = -z**3 + 50*z**2 + z - 55. Determine s(50).
-5
Let x(z) = -z**3 - 6*z**2 + z - 7. Determine x(-6).
-13
Let f(w) = w**3 + 14*w**2 + 12*w - 5. Give f(-13).
8
Let y(a) = 2*a**2 + 3. Calculate y(-3).
21
Let w(u) = 2*u**2 + 12*u - 9. Give w(-7).
5
Let p(u) = -u - 6. What is p(10)?
-16
Let x(v) = -v**3 + 2*v**2 + 48*v + 6. Determine x(-6).
6
Let a(k) = -19*k**3 - 3*k**2 - k. Calculate a(-1).
17
Let z(a) = 7*a - 5. What is z(2)?
9
Let i(s) = -9*s - 26. Give i(-8).
46
Let s(q) = 10*q - 2. What is s(-1)?
-12
Let h(d) = d - 29. What is h(13)?
-16
Let t(s) = -3*s**2 + 29*s - 67. Determine t(6).
-1
Let q(p) = 6*p + 22. Calculate q(-7).
-20
Let d(k) = 29*k + 91. Determine d(-3).
4
Let u(i) = -3*i**2 - 4*i + 13. Give u(4).
-51
Let t(j) = -5*j + 81. What is t(14)?
11
Let t(w) = w**3 - 20*w**2 + 51*w - 5. Give t(17).
-5
Let y(i) = i**3 - 28*i**2 - 29*i + 14. Determine y(29).
14
Let y(v) = -v**3 - 4*v**2 + 2*v + 5. Calculate y(-4).
-3
Let d(i) = i + 52. Give d(0).
52
Let a(c) = 7*c**3 + 2*c**2 - 3*c - 4. Calculate a(-1).
-6
Let o(x) = -x**2 - 8*x - 8. Calculate o(-2).
4
Let u(x) = -54*x - 5. Determine u(-2).
103
Let r(s) = -s**2 - 6*s - 4. Give r(-4).
4
Let c(p) = p**3 + 5*p**2 + 3*p + 2. Give c(-3).
11
Let a(c) = -2*c - 24. What is a(-14)?
4
Let l(j) = j**3 - 13*j**2 + 35*j - 6. Give l(10).
44
Let b(r) = -7*r - 80. Determine b(-7).
-31
Let q(h) = -7*h**2 + 59*h + 21. Determine q(9).
-15
Let z(l) = l**3 - 7*l**2 + 3. Determine z(7).
3
Let p(l) = -13*l + 2. Determine p(-3).
41
Let x(t) = t**3 - 13*t**2 + 26*t - 20. Give x(11).
24
Let t(d) = -d**3 - 5*d**2 + 8*d - 45. Give t(-7).
-3
Let g(x) = -x**3 + 6*x**2 + 15*x + 16. Calculate g(8).
8
Let n(q) = q**2 + 5*q + 8. Determine n(-3).
2
Let j(c) = c**3 + 13*c**2 - 5*c - 36. Determine j(-13).
29
Let q(k) = k**3 - 11*k**2 + 9*k + 4. Calculate q(10).
-6
Let x(w) = -w + 21. What is x(-7)?
28
Let f(s) = -s**3 + 8*s**2 + 7*s - 14. Calculate f(9).
-32
Let y(s) = 9*s - 36. Calculate y(5).
9
Let c(g) = 4*g + 18. Determine c(-12).
-30
Let n(i) = 3*i + 5. Calculate n(-2).
-1
Let n(f) = 3*f + 17. Determine n(-13).
-22
Let k(n) = -n + 11. Give k(10).
1
Let p(v) = 61*v - 496. Give p(8).
-8
Let a(n) = -4*n + 61. Calculate a(25).
-39
Let p(x) = -x - 3. Calculate p(0).
-3
Let c(u) = -3*u**2 - 7*u + 2. Calculate c(-3).
-4
Let m(t) = -26*t + 323. Determine m(13).
-15
Let p(y) = -y + 11. Give p(-10).
21
Let q(t) = t**3 + 3*t**2 - 2*t + 1. Give q(-2).
9
Let c(y) = -44*y - 7. Determine c(-3).
125
Let s(f) = -3*f**2 + 2*f + 8. Give s(4).
-32
Let a(s) = s**2 - 14*s - 14. Calculate a(6).
-62
Let s(n) = 5*n**3 + n - 2. Determine s(-2).
-44
Let r(a) = 3*a + 36. Determine r(-5).
21
Let f(q) = 5*q + 38. Determine f(-6).
8
Let g(d) = -12*d**2 + 4*d + 4. Determine g(-1).
-12
Let v(s) = 5*s**2 - 3*s - 3. What is v(-1)?
5
Let q(t) = -t**3 - 12*t**2 - 28*t + 19. Give q(-5).
-16
Let k(g) = -g**3 + 18*g**2 + g - 12. Calculate k(18).
6
Let u(g) = -g**3 + 7*g**2 + g + 10. Give u(6).
52
Let l(h) = 2*h + 11. Give l(-6).
-1
Let h(d) = -5*d + 7. Calculate h(5).
-18
Let f(r) = r**2 - 2*r - 3. Give f(3).
0
Let x(c) = c**2 + 3*c - 13. Calculate x(-7).
15
Let g(n) = -3*n**3 - 4*n**2 + 5*n + 13. Calculate g(-3).
43
Let j(k) = -k**2 + 6*k. Give j(9).
-27
Let u(v) = v**2 - 7*v - 4. Calculate u(10).
26
Let w(t) = t**3 - 10*t**2 - 21*t - 74. Calculate w(12).
-38
Let x(i) = -262*i**3 + i**2 - 2*i + 2. Give x(1).
-261
Let f(b) = -b**3 + 4*b**2 - 5*b. Calculate f(4).
-20
Let v(y) = 12*y**2 + 8*y + 3. What is v(-3)?
87
Let m(s) = s**3 + 2*s + 77. Determine m(0).
77
Let r(z) = 2*z**2 - 22*z + 16. What is r(8)?
-32
Let x(j) = 78*j + 7. Calculate x(-2).
-149
Let y(i) = -i - 3. Determine y(-4).
1
Let l(q) = q**2 - 10*q + 17. Calculate l(11).
28
Let z(o) = o**2 + 40*o + 300. Calculate z(-10).
0
Let x(a) = a**3 - a**2 - 3*a - 6. Give x(4).
30
Let j(f) = 19*f**2 - 2*f - 1. What is j(-1)?
20
Let b(r) = -3*r**3 - r**2 + r + 2. Calculate b(2).
-24
Let z(n) = -n**2 - 12*n + 9. Determine z(-10).
29
Let l(r) = -8*r**2 + 2. Calculate l(1).
-6
Let o(u) = u**3 - 4*u**2 - 2*u + 15. Give o(2).
3
Let f(m) = -m**3 - 10*m**2 - 9*m + 1. Determine f(-9).
1
Let q(a) = 25*a**3 - 3*a**2 + 2*a. Give q(1).
24
Let r(m) = -6*m - 108. Determine r(-17).
-6
Let r(a) = -a**3 + 3*a**2 + 4*a + 8. What is r(5)?
-22
Let x(y) = 2*y**3 - 11*y**2 + 5*y + 6. What is x(4)?
-22
Let r(y) = -2*y**3 + 2*y + 8. Give r(0).
8
Let i(v) = v**3 - 15*v**2 + 7*v - 1. Determine i(14).
-99
Let t(m) = 9*m + 162. Give t(-18).
0
Let x(r) = 46*r + 371. Determine x(-8).
3
Let b(m) = -6*m**3 + m**2 - m. Give b(1).
-6
Let g(c) = -c**3 - 15*c**2 - 17*c - 26. What is g(-14)?
16
Let l(k) = -2*k - 5. Give l(-10).
15
Let m(o) = -o**3 + 32*o**2 - 34*o + 106. Calculate m(31).
13
Let l(c) = 12*c - 3. Give l(1).
9
Let b(q) = 4*q**2 + 7*q + 3. Calculate b(-3).
18
Let c(q) = -q**2 - 7*q - 12. Determine c(-8).
-20
Let t(a) = a**3 + 4*a**2 + 3*a + 4. Give t(-3).
4
Let h(k) = k**3 - 9*k**2 + 11*k + 4. Calculate h(9).
103
Let l(n) = 9*n**3 + n**2 + 3*n. What is l(2)?
82
Let i(v) = -v**3 + 5*v**2 - v + 5. What is i(6)?
-37
Let i(z) = z**3 - 10*z**2 + 5*z - 3. Determine i(9).
-39
Let v(i) = -6*i + 12. Calculate v(6).
-24
Let b(u) = u**3 + 13*u**2 + 13*u + 5. Calculate b(-12).
-7
Let v(c) = -c**2 + c + 510. Give v(23).
4
Let x(a) = a**3 + 1. Determine x(-1).
0
Let a(j) = 20*j - 348. Give a(18).
12
Let k(m) = -m**2 + 11*m - 9. What is k(9)?
9
Let z(y) = -2*y**2 - 7*y + 1. Determine z(-5).
-14
Let l(p) = p**2 - p. Give l(4).
12
Let b(j) = -14*j + 5. Give b(-4).
61
Let w(d) = 2*d - 22. Calculate w(13).
4
Let n(c) = -c**3 - 22*c**2 + 48*c - 8. What is n(-24)?
-8
Let i(h) = -9*h - 6. What is i(-7)?
57
Let p(i) = 8*i - 46. Give p(6).
2
Let w(p) = -p**3 - 4*p**2 - 4*p - 3. What is w(-2)?
-3
Let c(v) = 7*v - 37. What is c(4)?
-9
Let h(g) = -g**2 + 8*g + 59. Give h(-5).
-6
Let j(n) = 15*n**2 + n. What is j(1)?
16
Let m(n) = n + 10. Give m(-9).
1
Let o(i) = 2*i**2 - 5*i - 34. What is o(8)?
54
Let x(r) = r**2 - 4*r - 2. Determine x(5).
3
Let w(o) = 2*o - 38. Calculate w(20).
2
Let r(t) = -t**2 + 11*t + 15. Give r(12).
3
Let x(v) = 7*v**3 + 2*v**2 - 2*v - 3. What is x(-2)?
-47
Let k(x) = -x**3 + 19*x**2 + 19*x + 6. Determine k(20).
-14
Let p(k) = -2*k**2 + 16*k - 5. Calculate p(8).
-5
Let p(l) = -54*l - 1. Determine p(1).
-55
Let f(i) = i**2 + 11*i + 32. Give f(-7).
4
Let w(f) = -f**2 + 16*f + 24. 